et o(p) = -p**2 - 5*p + 5. What is o(-6)?
-1
Let m(a) = 2*a**2 + 18*a + 24. Calculate m(-12).
96
Let t(g) = -g**2 + g + 1. Give t(4).
-11
Let c(h) = -h**2 - 15*h - 5. Calculate c(-15).
-5
Let z(t) = -2*t**2 + 3*t - 2. Give z(3).
-11
Let j(d) = -d**2 + 14*d - 4. What is j(15)?
-19
Let u(w) = 2*w**2 - 25*w. Calculate u(12).
-12
Let r(d) = d - 1. What is r(5)?
4
Let z(g) = -g**2 + 5*g - 6. Give z(4).
-2
Let q(d) = -6*d - 9. Give q(-6).
27
Let h(d) = d**3 + 5*d**2 + d - 5. Determine h(-3).
10
Let y(v) = 7*v - 1. Calculate y(3).
20
Let k(j) = -j**3 - 2*j**2 + 2*j. What is k(0)?
0
Let g(z) = 8*z + 35. Determine g(-10).
-45
Let h(g) = -g**2 - 23*g - 62. What is h(-20)?
-2
Let h(z) = 17*z - 174. Give h(10).
-4
Let b(z) = -24*z + 58. Calculate b(4).
-38
Let i(p) = -3*p**2 + 5*p - 3. Calculate i(5).
-53
Let f(l) = -12*l**3 + l**2 - 1. What is f(1)?
-12
Let n(p) = -10*p - 40. Calculate n(-4).
0
Let l(m) = 16*m - 118. Give l(7).
-6
Let b(i) = -2*i**2 + 73*i - 39. Give b(36).
-3
Let i(w) = -93*w - 849. What is i(-9)?
-12
Let z(c) = 2*c + 1. Calculate z(-7).
-13
Let u(n) = -19*n - 68. What is u(-9)?
103
Let m(n) = -n**3 - 6*n**2 + 6*n - 5. What is m(-7)?
2
Let b(a) = -a - 20. Determine b(18).
-38
Let y(q) = q**3 + 18*q**2 - 18*q + 24. Calculate y(-19).
5
Let a(x) = -5*x**2 - 18*x - 34. Determine a(-3).
-25
Let k(j) = 6*j**3 + j**2 + j. What is k(-1)?
-6
Let t(c) = -c + 13. Determine t(-11).
24
Let n(d) = 2*d + 23. What is n(-8)?
7
Let g(n) = -n**3 - n - 3. What is g(-3)?
27
Let v(t) = 2*t**3 - 2*t**2 - 3*t. What is v(-2)?
-18
Let x(o) = -6*o**2 + 3*o - 3. What is x(2)?
-21
Let i(u) = -u**2 - 9*u - 2. Determine i(-10).
-12
Let y(t) = t**3 - 17*t**2 + 15*t + 5. Calculate y(16).
-11
Let k(u) = -u - 1. Determine k(2).
-3
Let z(n) = 2*n**2 - 34*n + 137. Give z(8).
-7
Let b(g) = g**3 - 3*g**2 + g - 9. What is b(3)?
-6
Let s(l) = l**2 + 5*l - 4. What is s(4)?
32
Let t(i) = -6*i**2 + 3*i + 3. Calculate t(2).
-15
Let o(q) = -11*q**2 - q - 1. Determine o(-1).
-11
Let c(f) = 4*f - 158. Give c(41).
6
Let z(n) = -n**2 - 8*n + 117. What is z(-15)?
12
Let f(o) = -11*o + 29. Give f(5).
-26
Let k(r) = 5*r + 12. Determine k(-9).
-33
Let v(m) = -2*m**3 - m**2 - m. Give v(-2).
14
Let t(i) = -i**2 - 8*i + 21. Give t(-8).
21
Let d(f) = 121*f + 1091. Give d(-9).
2
Let y(f) = f**3 - 9*f**2 + 5. Give y(9).
5
Let h(t) = -5*t - 3. What is h(2)?
-13
Let v(q) = -7*q**3 - 2*q**2 + q + 2. Give v(-2).
48
Let v(m) = 2*m**3 + 10*m**2 + 15*m + 7. What is v(-5)?
-68
Let v(w) = w**3 + 7*w**2 - 12*w - 36. Give v(-8).
-4
Let u(z) = z**3 + 11*z**2 - 4*z - 48. Give u(-11).
-4
Let s(f) = 6*f - 111. Calculate s(18).
-3
Let h(n) = -n + 53. Give h(18).
35
Let n(z) = -z**2 - 27*z - 155. Calculate n(-20).
-15
Let a(k) = -k**3 - 9*k**2 + 9*k - 14. Determine a(-10).
-4
Let w(v) = v**2 + 3*v - 24. Give w(0).
-24
Let r(h) = -h**2 - 14*h + 19. What is r(-13)?
32
Let l(d) = 18*d + 1. Determine l(1).
19
Let r(y) = y + 16. Give r(-5).
11
Let l(c) = c**3 + c**2 - 2*c + 7. Give l(-3).
-5
Let w(k) = -k**3 - 10*k**2 - 9*k + 11. Calculate w(-9).
11
Let s(x) = -2*x + 10. What is s(7)?
-4
Let w(s) = s**3 - 32*s**2 + 33*s - 69. Calculate w(31).
-7
Let m(y) = y**2 + 8*y + 15. Determine m(-7).
8
Let h(q) = q - 9. Determine h(-5).
-14
Let x(w) = -5*w + 40. Determine x(12).
-20
Let b(v) = -7*v - 17. Give b(-2).
-3
Let g(u) = 3*u - 29. Give g(8).
-5
Let s(b) = -b**3 + 5*b**2 + 2*b + 2. What is s(5)?
12
Let b(c) = c**3 - 40*c**2 - 87*c + 122. Calculate b(42).
-4
Let f(t) = -t**2 + 6*t + 2. Give f(-1).
-5
Let h(s) = s**3 + 5*s**2 - 24*s - 6. Give h(-8).
-6
Let k(x) = 2*x**2 - 112*x + 211. Calculate k(54).
-5
Let c(a) = -a**3 + 6*a**2 + 12*a + 31. Determine c(8).
-1
Let c(a) = -2*a**2 - 6*a + 10. Determine c(-7).
-46
Let m(f) = -115*f + 455. What is m(4)?
-5
Let n(c) = 2*c + 5. What is n(-4)?
-3
Let k(l) = -20*l + 192. Determine k(10).
-8
Let i(b) = -b**3 + b**2 - 2*b - 36. Calculate i(0).
-36
Let z(f) = f**3 + 6*f**2 + 7*f - 5. Calculate z(-5).
-15
Let q(v) = 7*v + 4. What is q(-3)?
-17
Let h(a) = -8*a + 17. Calculate h(9).
-55
Let s(v) = v**2 + 7*v + 6. Give s(-1).
0
Let q(l) = 26*l**3 - l**2 - 2*l + 3. Calculate q(1).
26
Let s(p) = -10*p**2 + p - 5. What is s(3)?
-92
Let l(j) = j**2 + 3*j - 21. Give l(-7).
7
Let z(h) = 2*h**2 - h - 3. Determine z(3).
12
Let p(q) = q - 7. What is p(16)?
9
Let v(o) = -2*o**2 - 45*o + 18. Give v(-23).
-5
Let i(s) = -s**2 - 8*s + 17. Calculate i(-9).
8
Let z(w) = w**2 - 12*w + 22. What is z(10)?
2
Let s(b) = b**3 - 13*b**2 - 36*b + 2. Determine s(15).
-88
Let q(t) = t + 19. What is q(-25)?
-6
Let a(v) = v**3 + 6*v**2 + 6*v + 15. Calculate a(-5).
10
Let s(w) = 2*w**2 - 4. Give s(-2).
4
Let p(t) = -t**3 + 4*t**2 - 3*t. Calculate p(4).
-12
Let m(p) = -5*p**2 + p + 2. Calculate m(2).
-16
Let h(f) = -f**2 - 12*f - 26. Determine h(-10).
-6
Let o(k) = -2*k**2 - 42*k - 52. Give o(-21).
-52
Let y(b) = 2*b - 5. Give y(-2).
-9
Let u(d) = d**2 + 10*d + 31. What is u(-4)?
7
Let p(x) = -x**3 - 14*x**2 + 13*x - 35. Calculate p(-15).
-5
Let t(j) = 7*j + 218. Give t(-30).
8
Let n(q) = q**2 - 4*q - 14. Give n(7).
7
Let p(q) = 95*q**3 - q**2 - q + 1. Determine p(-1).
-94
Let i(c) = -c**2 + c + 29. Calculate i(9).
-43
Let l(s) = -3*s. What is l(-3)?
9
Let z(b) = -b - 3. Give z(-2).
-1
Let d(v) = -v**3 + 9*v**2 + 5*v + 54. Give d(10).
4
Let t(u) = -u**3 - 9*u**2 - u - 7. Give t(-9).
2
Let z(k) = -k - 33. What is z(-16)?
-17
Let s(f) = 5*f**2 + 2*f - 4. What is s(1)?
3
Let l(x) = -16*x**2 + 14*x - 29. Give l(2).
-65
Let f(g) = -g**3 - 9*g**2 + 10*g + 6. Calculate f(-10).
6
Let u(w) = -w**3 + 11*w**2 - 13*w + 24. Give u(10).
-6
Let v(o) = -6*o**2 - o + 4. Give v(-2).
-18
Let g(z) = 33*z - 162. Determine g(5).
3
Let c(n) = -n**3 - 21*n**2 - 19*n + 23. Determine c(-20).
3
Let f(d) = d**3 - 7*d**2 + 2*d - 8. What is f(4)?
-48
Let w(c) = -2*c**2 - 10*c - 7. Determine w(-6).
-19
Let d(o) = o**3 - 3*o**2 - 11*o + 11. What is d(5)?
6
Let w(v) = -v**3 - 9*v**2 - 9*v + 1. Determine w(-9).
82
Let l(u) = 2*u - 3. Calculate l(15).
27
Let b(i) = 3*i**3 - 2*i**2 + 6*i + 10. Calculate b(-1).
-1
Let k(p) = 12*p + 1. What is k(-1)?
-11
Let f(l) = -l**3 - 3*l**2 + 2*l - 13. Give f(-4).
-5
Let r(f) = -f**3 - 8*f**2 + 19*f + 15. What is r(-10)?
25
Let y(p) = -p - 31. Calculate y(0).
-31
Let f(w) = 5*w - 13. Determine f(8).
27
Let p(v) = -v**3 + 6*v**2 + 3*v - 5. Determine p(7).
-33
Let g(a) = a**3 - a**2 - 8*a - 10. Determine g(-2).
-6
Let h(v) = -2*v**3 + 6*v**2 - 2*v + 1. Determine h(4).
-39
Let n(o) = o**3 - 3*o**2 - o + 3. What is n(3)?
0
Let y(m) = -4*m + 7. Calculate y(6).
-17
Let b(h) = -h**3 - 7*h**2 - 6*h - 5. Give b(-6).
-5
Let n(r) = r**3 + 5*r**2 + 8*r - 2. Calculate n(-3).
-8
Let w(x) = -65*x - 6. Give w(-2).
124
Let g(x) = x**3 + 25*x**2 + 17*x - 64. Determine g(-24).
104
Let j(i) = -i - 3. Calculate j(-9).
6
Let s(y) = -12*y + 382. Determine s(33).
-14
Let n(x) = 172*x - 14. Determine n(1).
158
Let a(d) = -d**2 + 17*d - 52. Calculate a(14).
-10
Let b(g) = -g**3 + 5*g**2 + 7*g + 10. What is b(6)?
16
Let q(y) = -y**2 - 9*y + 17. Give q(-11).
-5
Let s(j) = -10*j + 33. Calculate s(4).
-7
Let h(l) = l**2 + 21*l + 10. Give h(-21).
10
Let n(b) = -b**3 + 5*b**2 - 7*b + 5. Determine n(4).
-7
Let a(i) = 4*i - 68. Give a(17).
0
Let g(v) = -3*v - 14. Calculate g(-11).
19
Let k(g) = -3*g + 39. Give k(14).
-3
Let f(m) = -m**3 + 7*m**2 + 9*m - 56. Calculate f(8).
-48
Let j(x) = -3*x**2 - 6*x - 3. What is j(-1)?
0
Let x(f) = -2*f + 105. Give x(33).
39
Let t(x) = -x**3 + 13*x**2 + 14*x - 11. Give t(14).
-11
Let p(z) = 21*z - 1072. Calculate p(51).
-1
Let j(v) = 3*v**3 + 54*v**2 + v + 22. What is j(-18)?
4
Let d(n) = -n**3 - n + 5. Determine d(-2).
15
Let a(u) = 5*u + 11. What is a(0)?
11
Let h(i) = i**2 + 21*i - 19. Determine h(-23).
27
Let w(j) = -2*j + 37. Give w(15).
7
Let v(d) = d**3 - 6*d**2 + 6*d - 2. Calculate v(2).
-6
Let d(p) = p**3 + 13*p**2 + 12*p + 8. What is d(-12)?
8
Let r(i) = i**3 + 50*i**2 + 4*i + 211. Give r(-50).
11
Let h(s) = -3*s**2 - 12*s - 2. What is h(-5)?
-17
Let w(x) = x - 9. Determine w(1).
-8
Let i(o) = o**3 - 10*o**2 + 28. What is i(10)?
28
Let w(r) = r**3 - 7*r**2 + 7*r - 48. Determine w(7).
1
Let x(c) = -45*c + 1. What is x(1)?
-44
Let q(z) = -z**3 - 10*z**2 - 3*z - 5. Determine q(-10).
25
Let n(i) = -7